hat is the highest common factor of j and 175?
35
Let x be ((-2)/(-3))/(1/6). Let i(y) = y**2 + 4*y + 3. Let z be i(x). Suppose -z = -5*f + 5. What is the highest common factor of 4 and f?
4
Let i(m) = 10*m**2 + 3*m - 3. Let c(n) = n + 8. Let v be c(-5). Let z be i(v). Calculate the highest common factor of z and 12.
12
Let r = 185 + -68. Let m be 52/(-8)*2/(-1). What is the highest common divisor of r and m?
13
Suppose 0 = 4*m - 44 - 20. Let g be 220*(-3 + 19/5). What is the greatest common factor of m and g?
16
Let s be 2 - ((9 - 7) + (-4 - 0)). Suppose -5 = -c - 4*c. What is the greatest common factor of c and s?
1
Let z be 20/(((-4)/2)/(-4)). Let l = -11 + 11. Suppose p - 5 = -l. What is the highest common factor of p and z?
5
Let z = -19 - 4. Let g = z + 78. What is the highest common factor of g and 11?
11
Suppose 16 = 3*h - 5. What is the greatest common divisor of 56 and h?
7
Let f(g) = g**3 - 6*g**2 - 9*g + 5. Let b be f(7). Let m = 2 + b. Let p be (-144)/(-14) + 2/m. Calculate the highest common factor of 20 and p.
10
Let f be (2/(-2))/((-2)/6). Let p(u) = u**2 - 5*u - 1. Let n be p(6). Let a be n/20 + 14/8. What is the greatest common factor of f and a?
1
Let t be ((-4)/6)/(8/78)*-4. Calculate the greatest common factor of 182 and t.
26
Let s be ((-13)/(-2))/(3/6). Let b = -163 - -293. What is the greatest common divisor of s and b?
13
Let r(l) = -l**2 - 5*l + 8. Let d be r(-6). Let o = d - 5. Let g be o/3*-1*11. What is the highest common divisor of g and 55?
11
Let y be ((-14)/5)/(4/(-180)*3). Calculate the greatest common divisor of y and 14.
14
Suppose -9*y + 25 = -4*y. Suppose 0 = -y*d - 316 + 811. Calculate the highest common factor of 9 and d.
9
Suppose -r - 5*j + 2 = -19, 3*r + 2 = -2*j. Let c be 11/9 - r/(-18). Calculate the greatest common factor of 8 and c.
1
Suppose -2*k - 3*p - p = -22, -2*p + 10 = 0. Suppose -k - 19 = -u. What is the greatest common divisor of u and 160?
20
Suppose -5*a + 4 + 4 = 2*z, -2*z = 4*a - 12. Let l(h) = -126*h. Let o be l(-1). Calculate the greatest common divisor of z and o.
14
Let m be (2/(-3))/(2/123). Let f be m/(-3) + (-2)/(-6). Calculate the greatest common factor of 112 and f.
14
Let s(h) = h**3 + 4*h**2 - 2*h - 2. Let u be s(-4). Let a(p) = p**2 + 4*p - 1. Let n be a(3). Let c = 38 - n. What is the greatest common factor of c and u?
6
Suppose 0 = -2*c - 2*c + 20. Let u = 7 + c. Suppose -4*y + 2*y + u = 0. What is the highest common factor of 24 and y?
6
Let u be 0 - ((-120)/3 - 1). What is the highest common factor of 41 and u?
41
Let i be -7*(45/21 - 3). Suppose i*n - 1196 = -326. What is the highest common divisor of 58 and n?
29
Let w be (-20)/(-6)*3/1. Suppose -n + 17 = -4*q, n + 5*q + w = -0*n. Suppose 2*p = n*p - 33. What is the greatest common factor of 1 and p?
1
Suppose 3*b = -0 + 3, 4*q = 3*b + 13. Calculate the highest common factor of q and 4.
4
Let u = -47 + 55. What is the highest common factor of u and 8?
8
Suppose -z = -l + 12, 42 = 5*l - 2*l - z. Calculate the highest common factor of l and 135.
15
Suppose -5*h = 5*i + 10, 3 = -h + 5. Let n(x) = -x + 1. Let j be n(i). Calculate the greatest common factor of j and 15.
5
Suppose 0*z = 2*z - 2. Let q be (-56)/21*(-6)/8. What is the highest common factor of q and z?
1
Let m = 48 + -40. What is the greatest common factor of 64 and m?
8
Suppose 0 = 2*h + h + 21. Let o = -4 - h. What is the greatest common factor of o and 21?
3
Let p(y) = -33*y**3 - y**2 + y + 2. Let o be p(-1). What is the greatest common divisor of 3 and o?
3
Let f(q) = 3*q - q - 2 + 5*q + 9*q. Let g be f(2). Calculate the greatest common divisor of 6 and g.
6
Let s be (22/4)/((-6)/12). Let f = s + 22. What is the greatest common divisor of 55 and f?
11
Suppose 2*q = 11 + 7. What is the greatest common divisor of q and 27?
9
Suppose -11 = 5*f - 4*b, b = -0*f + f + 3. Suppose 5 = -c, -3*c - 4 = 2*r - f. What is the highest common factor of 6 and r?
6
Let t = 19 - 11. Let g = -98 - -170. What is the highest common factor of t and g?
8
Suppose 3*s - 4*s - 2*t = -12, -2*s = 5*t - 28. Suppose 0 = s*j - 347 - 337. Let w be (0 - 1)*-2 - -17. Calculate the greatest common factor of w and j.
19
Suppose -4*g = -2*g + 28. Let b be (-63)/g - (-3)/2. What is the highest common divisor of 54 and b?
6
Let z(k) be the third derivative of -k**4/12 + 19*k**3/6 + 7*k**2. Let i be z(-13). Calculate the greatest common divisor of 15 and i.
15
Let s(k) = 9*k**2 + 7*k + 4. Let d be s(-2). Calculate the highest common factor of d and 52.
26
Suppose 2*l - 5*l = -39. What is the greatest common divisor of l and 13?
13
Let k(a) = -3*a + 8. Let i be k(-6). Let l = -308 - -334. What is the greatest common divisor of i and l?
26
Suppose -5*w + g = 6*g - 40, -2*w - 5*g = -13. What is the greatest common divisor of w and 18?
9
Suppose 0 = -x + 6 + 57. What is the highest common factor of 9 and x?
9
Let w(f) = 13*f - 2. Let a be w(2). Let i be (6/(-4))/((-14)/28). What is the highest common divisor of a and i?
3
Let m(i) = 15*i - 20. Let p be m(6). What is the greatest common divisor of 10 and p?
10
Suppose 4*v + 24 = 8*v. Let n be v/(-21) + (-65)/(-7). Calculate the highest common factor of 9 and n.
9
Let a(v) = v**2 + 7*v + 6. Let l be a(-6). Let h be (l + 10)*16/4. Calculate the greatest common divisor of 5 and h.
5
Let t(i) = i - 4. Let o be t(8). Suppose -o = -3*h + 32. Calculate the greatest common divisor of h and 12.
12
Suppose -2 = -f + 1. Suppose -z - 15 = -c + z, f*z + 10 = -c. Suppose -u + 3*u = 5*r + 76, -2*u + 56 = c*r. What is the greatest common divisor of 11 and u?
11
Let l be (102/(-5))/(34/(-85)). Calculate the greatest common factor of 34 and l.
17
Suppose -40 = -5*b - 5*w, -6*w = -5*b - 4*w + 47. Suppose 0*d = -5*d - 5, 3*n = -d + 269. Suppose l = 3*l - n. What is the highest common divisor of l and b?
9
Suppose -2*o = -2*m + 3*o - 5, -3 = m - 3*o. Suppose 3*r + 3 = m, 0*r = -w + r + 27. Calculate the greatest common divisor of w and 39.
13
Suppose 3*g = g. Suppose g = p - 9 + 2. Let k(r) = 2*r**2 - 5*r + 3. Let y be k(5). What is the highest common divisor of y and p?
7
Let x(c) = -6*c - 6. Let i be x(-6). Suppose 2*z + 12 = i. Let v(y) = y**3 - 5*y**2 - 5*y - 5. Let r be v(6). Calculate the greatest common factor of r and z.
1
Let g = -21 - -39. Suppose 2*o - 5 = 19. What is the highest common factor of o and g?
6
Suppose 0*h + 135 = 5*h - 5*b, -3*b + 44 = 2*h. Suppose 2 = x + 3, 0 = 3*a - x - 31. What is the greatest common factor of a and h?
5
Let k(j) = 3*j - 13. Let l be k(6). Suppose 0*i - 3*i = 93. Let o = i - -56. What is the greatest common divisor of l and o?
5
Let g = -224 - -431. What is the greatest common factor of g and 23?
23
Suppose -10 = -o + 6. Calculate the highest common divisor of 48 and o.
16
Suppose -3*k + 50 = h, 2*k + 4*h = -0*k + 50. Calculate the highest common factor of 10 and k.
5
Let o = -4 - 19. Let z = -1 - o. What is the greatest common factor of 11 and z?
11
Suppose 5*r - 3*r = 40. Let o be 2784/56 + (-2)/(-7). What is the highest common divisor of o and r?
10
Let y be 1 - 1 - 0/2. Suppose 4*l = 2*x + 12, -3*l - 3*x = -y*l. Suppose -9*p + 24 = 3*p. Calculate the greatest common divisor of l and p.
2
Suppose b - 384 = -3*b. Let n(r) = -r**2 + 7*r + 2. Let i be n(5). What is the highest common divisor of b and i?
12
Suppose o = 4*o + 5*i - 29, o + 4*i = 19. Suppose o*f = 3*n + f - 4, 2 = 2*f. Suppose n*u - u = 1. Calculate the highest common factor of 9 and u.
1
Suppose -14*q = -7*q - 196. Calculate the highest common factor of q and 7.
7
Suppose j - 4*j = 3*n - 9, -4*n + 20 = -4*j. What is the highest common divisor of 4 and n?
4
Let d(q) = q**3 - 4*q**2 - 7*q + 1. Let m be d(7). Let x = m - 44. Calculate the highest common divisor of 5 and x.
5
Let b be (-29)/(-2) + 1/(-2). What is the greatest common divisor of 56 and b?
14
Let c(s) = s + 6. Let l be c(0). Let h = -7 + 11. Suppose a + h*a = 210. What is the greatest common factor of a and l?
6
Suppose -4*k - 8 = 0, 2*n - k + 2*k - 6 = 0. Calculate the greatest common divisor of n and 28.
4
Let a = 20 + 8. Let n(v) = -4*v - 6. Let r(b) = -b**3 - b**2 + b - 5. Let i be r(0). Let q be n(i). What is the greatest common divisor of a and q?
14
Let q(l) = l**3 + 2*l**2 + 1. Let v be q